 Calculate the remainder when m(5) is divided by o.
15
Let h = 32 - 46. Let n = h + 24. What is the remainder when n is divided by 6?
4
Let r(z) = -3*z - 2*z - 5 - 2*z. What is the remainder when r(-4) is divided by -2 - -1 - (-9)/1?
7
Let u = 11 - 8. What is the remainder when u is divided by 1?
0
What is the remainder when 29 is divided by 3*10/6 - -3?
5
Let i be 1/(66/21 - 3). Let j(m) = m**2 - 5*m - 10. What is the remainder when j(i) is divided by 2?
0
Let c = -11 - -14. What is the remainder when 4 is divided by c?
1
Let t be (-51)/(-15) - 2/5. Suppose -2*d - t*d + 100 = 0. Suppose -4*p + 35 = p. What is the remainder when d is divided by p?
6
What is the remainder when 4 is divided by 22/6 + (-6)/9?
1
Calculate the remainder when 154 is divided by (-4)/((-112)/860) + (-2)/(-7).
30
Let j = -63 + 104. Calculate the remainder when 121 is divided by j.
39
Let y(t) = t**2 - 2*t - 12. Let j be y(-9). Suppose j = 2*d + d. Calculate the remainder when d is divided by 15.
14
Suppose 9*l - 28 = 2*l. Calculate the remainder when 6 is divided by l.
2
Let t(a) = a**3 - 8*a**2 + 10*a - 2. Calculate the remainder when t(7) is divided by (10/6)/(5 + (-70)/15).
4
Let y(l) = l**3 + 9*l**2 + 7*l - 9. Let u be y(-7). Let h = u - 23. Calculate the remainder when 33 is divided by h.
16
Suppose 3*t - 2*t - 5*k + 5 = 0, 3*t = -4*k + 61. Suppose 0 = 4*v - v - 24. What is the remainder when t is divided by v?
7
Let i = 118 - 70. Suppose h - 65 = -4*t - 0*h, -h = 3*t - i. What is the remainder when 33 is divided by t?
16
Let a = 54 + -32. What is the remainder when 87 is divided by a?
21
Suppose -5*s = -7*s + 4. Suppose s*n - 98 = -4*z, 47 = 5*z - n - 79. Calculate the remainder when 72 is divided by z.
22
Let g be (10/(-8))/(5/(-20)). Let v be ((-8)/(-10))/(1/g). Suppose v*m + m = 235. What is the remainder when m is divided by 16?
15
Let b = -58 + 121. Calculate the remainder when 248 is divided by b.
59
Suppose 2*h = -3*j - 0*j + 38, -4*h + 28 = 3*j. Suppose 4*r + j = 4*n, -n + 2*r + 2 + 3 = 0. Calculate the remainder when n is divided by 2.
1
Let d(x) = x**2 - 4*x - 2. Let c be d(6). Let t(f) = f - 2. What is the remainder when 14 is divided by t(c)?
6
Suppose 0*l + 20 = 4*l. Suppose 3*j - 2*j = -2, -l*q - j = -198. Let o(u) = -2*u + 2. What is the remainder when q is divided by o(-6)?
12
Let b(p) = -p**2 - 9*p - 7. Suppose 0 = -h - 3 - 3. What is the remainder when 31 is divided by b(h)?
9
Let s(c) = 3*c**2 + 3*c + 1 - 2*c**2 + 0*c**2. Calculate the remainder when 3 is divided by s(-3).
0
Suppose -4*y + 10 = -6. Suppose -3*a - y = -94. Calculate the remainder when a is divided by (-92)/(-6) + 18/27.
14
Suppose 2*x = x. What is the remainder when 30 is divided by (x - 2)*(-22)/4?
8
Let g(v) = v**3 - 2*v**2 + 3*v - 1. Calculate the remainder when ((-1680)/(-175))/(1/5) is divided by g(3).
14
Let t(v) = v**2 + 5*v - 9. Calculate the remainder when t(-10) is divided by 11.
8
Let o = -24 + -17. Let f be 2*(69/2 + 4). Let h = o + f. What is the remainder when h is divided by 19?
17
Let b(f) = f - 9. Let p(s) = s**3 - s**2 - s + 6. Let m be p(0). Let x be b(m). What is the remainder when 28*x/((-12)/7) is divided by 13?
10
Suppose -3*s - 5*i = -2 + 4, -5*i - 38 = -3*s. What is the remainder when 22 is divided by s?
4
Let a be -1*(3 + (-6 - 0)). Suppose -5*b = -18 + a. What is the remainder when 9 is divided by b?
0
Let o(y) = -y**2 + 14*y - 9. What is the remainder when 11 is divided by o(13)?
3
Suppose -4*j - j = -70. Let g = 13 - 6. Calculate the remainder when (-393)/(-21) + 4/j is divided by g.
5
Let r be (-5)/30 + 1/12*86. Let m be 2 + 12/(0 + 2). Suppose -z + r = -m. Calculate the remainder when z is divided by 8.
7
Let r be 3 + (-3 + 3 - 1). Suppose -3*x + 96 = 3*a, r*x = -4*a + 51 + 79. Let b(h) = -h**2 - 6*h + 7. Calculate the remainder when a is divided by b(-5).
9
Let s(l) = l**2 + 3*l - 3. Let r be s(-3). What is the remainder when (5/(-2))/(r/30) is divided by 14?
11
Suppose x - 10 + 3 = 0. Let z(i) = i**2 - 5*i. Calculate the remainder when 41 is divided by z(x).
13
Let d = -3 - -2. Let q be 23*(d + 6/3). Let s = -12 + q. Calculate the remainder when 31 is divided by s.
9
Let m = -66 - -78. What is the remainder when 21 is divided by m?
9
Suppose 4*k + 11 = 5*k. Calculate the remainder when 21 is divided by k.
10
Let c = 71 - -14. Calculate the remainder when c is divided by 23.
16
What is the remainder when (-6)/(-4)*176/12 is divided by 8?
6
Suppose -115 = j - 6*j. Calculate the remainder when j is divided by 6.
5
Suppose 0*a + 12 = -a - 4*d, 3*d = -6. Let r = a + 14. What is the remainder when r is divided by (-26)/(-6) - 2/6?
2
Let m be 2/(-8) + 55/(-20). What is the remainder when 15 is divided by (18 - 2)/(5 + m)?
7
Let q = -8 - -11. Suppose 1 = -q*f - 2*f - g, 0 = -f - 2*g + 7. Let t(n) = -14*n - 1. What is the remainder when 37 is divided by t(f)?
11
Let l(t) = t**3 - 4*t**2 - 5*t + 6. Calculate the remainder when l(6) is divided by 25.
23
Let j(h) = h**2 - 3*h + 3. Let n(m) = -m**3 + 2*m**2 + 4*m + 3. Calculate the remainder when j(-4) is divided by n(-2).
9
Suppose -8*l + 10 = -46. Calculate the remainder when 10 is divided by l.
3
Let k(f) = 8*f**2 - f - 4. Calculate the remainder when k(2) is divided by 15.
11
Suppose 0 = 4*c + 9 - 17. Let h be 4/2*(-2)/(-4). Let y(z) = 2*z**2 - 2*z + 1. What is the remainder when c is divided by y(h)?
0
Suppose -23*j + 3608 = 273. What is the remainder when j is divided by 37?
34
Let i(f) = 4*f**2 + 2*f. What is the remainder when 34 is divided by i(-2)?
10
Let j(b) = 3*b**2 + 3*b - 4. Let o be j(-3). Suppose n = -0*n + o. What is the remainder when 26 is divided by n?
12
Let y = -26 + 10. Let v = y + 32. Suppose -6*r + 0*r = -180. What is the remainder when r is divided by v?
14
Suppose 2*y - 3*i - 51 = 0, 0 = -3*y + y - 2*i + 26. Let j = -40 + 69. What is the remainder when j is divided by y/2 - (1 - 2)?
9
What is the remainder when 39 is divided by (-205)/(-45) + 4/9?
4
Suppose 0 = 2*z + 2*w + 10, -7*z = -2*z - 4*w + 7. What is the remainder when (72/15)/(z/(-15)) is divided by 13?
11
Let o(a) = -2*a + 1. Let d be o(-1). Suppose -2*l - l = k + 65, -177 = 3*k + d*l. Calculate the remainder when (k/(-12))/(4/6) is divided by 4.
3
Let s = 32 + -17. Suppose 2*u - 41 = 19. What is the remainder when u is divided by ((-144)/s)/(-3)*5?
14
Let l = -7 - -5. Let m(q) = -2*q**3 - 4*q - 3. Let z = -97 + 137. Calculate the remainder when z is divided by m(l).
19
Calculate the remainder when 73 is divided by ((-1)/(-2))/((-8)/(-256)).
9
Suppose 4*d + 3*q - 151 = 0, -5*d + 6*d - q = 29. What is the remainder when d is divided by 12?
10
Let y be ((-21)/(-7))/(1/(-3)). Let t = y + 18. What is the remainder when 15 is divided by t?
6
Suppose 3 = -x, 3*w - 12 = -3*x + 5*x. Suppose u = -3*k - 11, -u + k = -w*k - 13. Calculate the remainder when 3 is divided by u.
0
Let k(j) = j**3 + 12*j**2 + 2*j + 17. Let l be k(-12). Let p = 13 + l. What is the remainder when 16 is divided by p?
4
Let w(s) = s**2 - 4*s + 8. What is the remainder when 34 is divided by w(0)?
2
Let i = -1 + 13. What is the remainder when 71 is divided by i?
11
Let c be (-1)/3 - 2/3. Suppose -3*d - t - 2 + 9 = 0, 3 = -3*d - 3*t. What is the remainder when d is divided by 4 - (4 + c - 1)?
0
Suppose -2*b - 4*s = -22 - 2, -3*b - 4*s + 38 = 0. What is the remainder when 139 is divided by b?
13
Suppose 0 = -l - z + 37, 5*z = -3*l + 75 + 38. What is the remainder when l is divided by 10?
6
Let a be ((-10)/(-15))/(2/6). Suppose -6*c - 2*d = -3*c - 157, a*c - d = 107. Calculate the remainder when c is divided by 3 + 1 + 56/4.
17
Let a be (-1)/3 + 52/12. Let h be a/(-8)*10/(-1). Suppose -h*r + 60 + 5 = 0. Calculate the remainder when 24 is divided by r.
11
Suppose 7 = 4*z + 23. Let d = 0 - z. What is the remainder when 6 is divided by d?
2
Let t(h) = 18*h**2 + 5*h + 5. Let l(f) = -f**2. Let s(o) = 4*l(o) + t(o). Calculate the remainder when s(-2) is divided by 26.
25
Let c = -20 + 31. Let b = c + -5. Let x = -15 + 32. What is the remainder when x is divided by b?
5
Suppose -6 = -2*m, -2*q + 73 + 7 = 4*m. Calculate the remainder when 99 is divided by q.
31
Let j = 290 - 55. Suppose -3*l - 5*d = -2*l - 72, j = 3*l - 4*d. Let i = 17 + 3. Calculate the remainder wh